e remainder when 492213 is divided by 41.
8
What is the remainder when 24340 is divided by 37?
31
What is the remainder when 828231 is divided by 423?
420
What is the remainder when 479577 is divided by 1208?
1
What is the remainder when 3343 is divided by 10?
3
What is the remainder when 88586 is divided by 2949?
116
Calculate the remainder when 19446 is divided by 1288.
126
What is the remainder when 12027 is divided by 907?
236
What is the remainder when 1421 is divided by 293?
249
What is the remainder when 616319 is divided by 144?
143
Calculate the remainder when 2892526 is divided by 48.
46
Calculate the remainder when 2221 is divided by 43.
28
Calculate the remainder when 12457 is divided by 6225.
7
Calculate the remainder when 128621 is divided by 75.
71
What is the remainder when 24074 is divided by 673?
519
Calculate the remainder when 751 is divided by 531.
220
What is the remainder when 817654 is divided by 145?
144
What is the remainder when 86906 is divided by 28597?
1115
Calculate the remainder when 8444 is divided by 2093.
72
What is the remainder when 1365 is divided by 795?
570
What is the remainder when 2672 is divided by 676?
644
What is the remainder when 91510 is divided by 11437?
14
What is the remainder when 7865 is divided by 20?
5
What is the remainder when 17495 is divided by 14?
9
Calculate the remainder when 35530 is divided by 7097.
45
What is the remainder when 346715 is divided by 57783?
17
What is the remainder when 8082 is divided by 112?
18
Calculate the remainder when 132523 is divided by 38.
17
What is the remainder when 14771 is divided by 263?
43
What is the remainder when 7173 is divided by 1182?
81
Calculate the remainder when 191819 is divided by 17.
8
What is the remainder when 37679 is divided by 1358?
1013
What is the remainder when 1224331 is divided by 189?
178
Calculate the remainder when 208976 is divided by 52244.
0
Calculate the remainder when 1000 is divided by 101.
91
Calculate the remainder when 196900 is divided by 70.
60
What is the remainder when 9907 is divided by 4931?
45
Calculate the remainder when 15001 is divided by 21.
7
Calculate the remainder when 1151170 is divided by 374.
372
What is the remainder when 98765 is divided by 6?
5
What is the remainder when 44804 is divided by 67?
48
Calculate the remainder when 153 is divided by 20.
13
Calculate the remainder when 10338 is divided by 272.
2
Calculate the remainder when 5264 is divided by 1406.
1046
What is the remainder when 10586 is divided by 759?
719
Calculate the remainder when 25408 is divided by 417.
388
Calculate the remainder when 36888 is divided by 9.
6
What is the remainder when 7874 is divided by 125?
124
Calculate the remainder when 759 is divided by 660.
99
Calculate the remainder when 115125 is divided by 280.
45
What is the remainder when 11859 is divided by 10?
9
Calculate the remainder when 2189427 is divided by 265.
262
Calculate the remainder when 351236 is divided by 58539.
2
Calculate the remainder when 63565 is divided by 47.
21
What is the remainder when 743 is divided by 308?
127
Calculate the remainder when 11035 is divided by 316.
291
What is the remainder when 649871 is divided by 44?
35
Calculate the remainder when 510749 is divided by 9.
8
Calculate the remainder when 116140 is divided by 854.
850
What is the remainder when 5699 is divided by 521?
489
Calculate the remainder when 2851 is divided by 709.
15
What is the remainder when 7136 is divided by 94?
86
Calculate the remainder when 103821 is divided by 16.
13
Calculate the remainder when 62748 is divided by 8962.
14
Calculate the remainder when 3649 is divided by 20.
9
What is the remainder when 832 is divided by 155?
57
What is the remainder when 5642 is divided by 332?
330
Calculate the remainder when 256463 is divided by 1357.
1347
What is the remainder when 9366 is divided by 72?
6
What is the remainder when 39372 is divided by 9839?
16
Calculate the remainder when 60028 is divided by 145.
143
What is the remainder when 68249 is divided by 425?
249
Calculate the remainder when 3462 is divided by 21.
18
What is the remainder when 14628 is divided by 1125?
3
What is the remainder when 7626 is divided by 23?
13
What is the remainder when 143458 is divided by 983?
923
What is the remainder when 371069 is divided by 7?
6
Calculate the remainder when 796351 is divided by 265438.
37
What is the remainder when 2492 is divided by 475?
117
What is the remainder when 3073 is divided by 44?
37
Calculate the remainder when 10578 is divided by 2076.
198
Calculate the remainder when 12467 is divided by 6228.
11
What is the remainder when 4370056 is divided by 1051?
1049
Calculate the remainder when 1109 is divided by 288.
245
What is the remainder when 22847 is divided by 116?
111
Calculate the remainder when 1953 is divided by 506.
435
What is the remainder when 330286 is divided by 12?
10
Calculate the remainder when 3020 is divided by 97.
13
What is the remainder when 408837 is divided by 734?
733
What is the remainder when 1450 is divided by 486?
478
Calculate the remainder when 298737 is divided by 780.
777
What is the remainder when 15989 is divided by 78?
77
Calculate the remainder when 150697 is divided by 43.
25
Calculate the remainder when 5892 is divided by 868.
684
Calculate the remainder when 6308 is divided by 484.
16
Calculate the remainder when 25194 is divided by 382.
364
Calculate the remainder when 134396 is divided by 420.
416
Calculate the remainder when 112841 is divided by 28207.
13
Calculate the remainder when 5418 is divided by 1093.
1046
Calculate the remainder when 2036 is divided by 552.
380
Calculate the remainder when 36118 is divided by 430.
428
Calculate the remainder when 1528 is divided by 207.
79
What is the remainder when 1252 is divided by 622?
8
What is the remainder when 2303 is divided by 10?
3
Calculate the remainder when 16908 is divided by 128.
12
Calculate the remainder when 12240 is divided by 1930.
660
What is the remainder when 28445 is divided by 37?
29
Calculate the remainder when 98559 is divided by 440.
439
Calculate the remainder when 90065 is divided by 217.
10
Calculate the remainder when 109156 is divided by 14.
12
What is the remainder when 67475 is divided by 241?
236
Calculate the remainder when 23827 is divided by 7935.
22
What is the remainder when 257935 is divided by 42985?
25
Calculate the remainder when 16283 is divided by 296.
3
Calculate the remainder when 85538 is divided by 260.
258
What is the remainder when 4693 is divided by 522?
517
What is the remainder when 7038 is divided by 242?
20
Calculate the remainder when 6487 is divided by 208.
39
What is the remainder when 969 is divided by 141?
123
Calculate the remainder when 13222 is divided by 2639.
27
What is the remainder when 7166 is divided by 1019?
33
Calculate the remainder when 40921 is divided by 40839.
82
Calculate the remainder when 962713 is divided by 8.
1
Calculate the remainder when 267516 is divided by 1365.
1341
Calculate the remainder when 1982 is divided by 219.
11
What is the remainder when 136246 is divided by 46?
40
Calculate the remainder when 1119 is divided by 342.
93
What is the remainder when 173211 is divided by 49?
45
What is the remainder when 26664 is divided by 140?
64
What is the remainder when 9908 is divided by 1164?
596
Calculate the remainder when 110338 is divided by 694.
686
Calculate the remainder when 223362 is divided by 71.
67
Calculate the remainder when 22265 is divided by 1199.
683
What is the remainder when 6155 is divided by 290?
65
Calculate the remainder when 4438 is divided by 196.
126
What is the remainder when 193524 is divided by 96760?
4
What is the remainder when 66844 is divided by 39?
37
Calculate the remainder when 65207 is divided by 104.
103
What is the remainder when 3205 is divided by 315?
55
What is the remainder when 890775 is divided by 227?
27
What is the remainder when 6539 is divided by 6525?
14
What is the remainder when 21463 is divided by 149?
7
What is the remainder when 38741 is divided by 35?
31
Calculate the remainder when 104317 is divided by 535.
527
Calculate the remainder when 61302 is divided by 79.
77
Calculate the remainder when 30836 is divided by 25